{"id":8179,"date":"2018-09-18T10:43:44","date_gmt":"2018-09-18T10:43:44","guid":{"rendered":"http:\/\/jrcengenharia.com\/?page_id=8179"},"modified":"2020-10-22T17:42:29","modified_gmt":"2020-10-22T20:42:29","slug":"servicos-de-construcao","status":"publish","type":"page","link":"https:\/\/jrcengenharia.com\/index.php\/servicos-de-construcao\/","title":{"rendered":"Servi\u00e7os de constru\u00e7\u00e3o"},"content":{"rendered":"<p>[vc_section full_width=&#8221;stretch_row&#8221; css=&#8221;.vc_custom_1537273549296{margin-top: 0px !important;margin-bottom: 0px !important;padding-top: 60px !important;padding-bottom: 0px !important;}&#8221;][vc_row full_width=&#8221;stretch_row&#8221; css=&#8221;.vc_custom_1537273574685{margin-top: 0px !important;margin-bottom: 0px !important;padding-top: 0px !important;padding-bottom: 0px !important;}&#8221;][vc_column width=&#8221;1\/12&#8243; css=&#8221;.vc_custom_1537272609984{margin-top: 0px !important;margin-bottom: 0px !important;padding-top: 0px !important;padding-bottom: 0px !important;}&#8221;][\/vc_column][vc_column width=&#8221;5\/6&#8243; css=&#8221;.vc_custom_1537272628275{margin-top: 0px !important;margin-bottom: 0px !important;padding-top: 0px !important;padding-bottom: 0px !important;}&#8221;][vc_custom_heading text=&#8221;Oferecemos servi\u00e7os de constru\u00e7\u00e3o civil&#8221; font_container=&#8221;tag:h2|font_size:35px|text_align:center|color:%2319182a|line_height:43px&#8221; use_theme_fonts=&#8221;yes&#8221; css=&#8221;.vc_custom_1603287715476{margin-top: 0px !important;margin-bottom: 0px !important;padding-bottom: 20px !important;}&#8221; el_class=&#8221;font-weight-bold latter-spacing-0&#8243;][vc_column_text css=&#8221;.vc_custom_1603287768925{margin-top: 0px !important;margin-bottom: 0px !important;padding-top: 0px !important;padding-right: 20px !important;padding-bottom: 0px !important;padding-left: 20px !important;}&#8221;]<\/p>\n<p style=\"text-align: center;\"><span style=\"color: #030712;\">Nossa equipe est\u00e1 preparada para te atender, verificar e executar seus<br \/>\nprojetos. Contamos com uma equipe t\u00e9cnica qualificada e utilizamos<br \/>\nm\u00e9todos avan\u00e7ados no setor da constru\u00e7\u00e3o civil.<\/span>[\/vc_column_text][\/vc_column][vc_column width=&#8221;1\/12&#8243; css=&#8221;.vc_custom_1537272618290{margin-top: 0px !important;margin-bottom: 0px !important;padding-top: 0px !important;padding-bottom: 0px !important;}&#8221;][\/vc_column][\/vc_row][vc_row full_width=&#8221;stretch_row&#8221; equal_height=&#8221;yes&#8221; css=&#8221;.vc_custom_1537333105038{margin-top: 0px !important;margin-bottom: 0px !important;padding-top: 49px !important;padding-bottom: 60px !important;}&#8221;][vc_column css_animation=&#8221;fadeInUp&#8221; width=&#8221;1\/2&#8243; css=&#8221;.vc_custom_1537350627121{margin-top: 0px !important;margin-bottom: 0px !important;padding-top: 0px !important;padding-bottom: 20px !important;}&#8221;][vc_single_image image=&#8221;8180&#8243; img_size=&#8221;full&#8221; css=&#8221;.vc_custom_1537269791395{margin-top: 0px !important;margin-bottom: 0px !important;padding-top: 0px !important;padding-bottom: 0px !important;}&#8221;][\/vc_column][vc_column width=&#8221;1\/2&#8243; css=&#8221;.vc_custom_1537336650812{margin-top: -8px !important;margin-bottom: 0px !important;padding-top: 0px !important;padding-bottom: 20px !important;}&#8221;][vc_custom_heading text=&#8221;Nossa Miss\u00e3o&#8221; font_container=&#8221;tag:h2|font_size:23px|text_align:left|color:%23131320|line_height:31px&#8221; use_theme_fonts=&#8221;yes&#8221; css=&#8221;.vc_custom_1603287802119{margin-top: 0px !important;margin-bottom: 0px !important;padding-top: 0px !important;padding-bottom: 15px !important;}&#8221; el_class=&#8221;font-weight-bold letter-spacing-0&#8243;]<!-- radiantthemes-separator --><div  class=\"radiantthemes-separator element-one text-left \"><div class=\"radiantthemes-separator-block\" style=\"width: 30px ; height: 4px ; background-color: #ff8522 ;\"><\/div><\/div><!-- radiantthemes-separator -->[vc_column_text css=&#8221;.vc_custom_1603287850010{margin-top: 0px !important;margin-bottom: 0px !important;padding-top: 0px !important;padding-bottom: 20px !important;}&#8221;]Atuar no mercado da constru\u00e7\u00e3o civil com responsabilidade<br \/>\nsocioambiental, visando:<br \/>\nCumprir nossos prazos e superar as expectativas de nossos clientes.[\/vc_column_text][\/vc_column][\/vc_row][\/vc_section][vc_section full_width=&#8221;stretch_row&#8221; css=&#8221;.vc_custom_1537785106835{margin-top: 0px !important;margin-bottom: 0px !important;padding-top: 0px !important;padding-bottom: 60px !important;background-color: #f8f8f8 !important;}&#8221;][vc_row full_width=&#8221;stretch_row&#8221; css=&#8221;.vc_custom_1537784775786{margin-top: 0px !important;margin-bottom: 0px !important;padding-top: 55px !important;padding-bottom: 45px !important;background-color: #f8f8f8 !important;}&#8221;][vc_column width=&#8221;1\/12&#8243; css=&#8221;.vc_custom_1537781124243{margin-top: 0px !important;margin-bottom: 0px !important;padding-top: 0px !important;padding-bottom: 0px !important;}&#8221;][\/vc_column][vc_column width=&#8221;5\/6&#8243; css=&#8221;.vc_custom_1537781133012{margin-top: 0px !important;margin-bottom: 0px !important;padding-top: 0px !important;padding-bottom: 0px !important;}&#8221;][vc_custom_heading text=&#8221;Nosso trabalho&#8221; font_container=&#8221;tag:h2|font_size:30px|text_align:center|color:%2319182a|line_height:40px&#8221; use_theme_fonts=&#8221;yes&#8221; css_animation=&#8221;fadeInUp&#8221; css=&#8221;.vc_custom_1603288034307{margin-top: 0px !important;margin-bottom: 20px !important;}&#8221; el_class=&#8221;font-weight-bold&#8221;][\/vc_column][vc_column width=&#8221;1\/12&#8243; css=&#8221;.vc_custom_1537781200764{margin-top: 0px !important;margin-bottom: 0px !important;padding-top: 0px !important;padding-bottom: 0px !important;}&#8221;][\/vc_column][\/vc_row][vc_row full_width=&#8221;stretch_row&#8221; css=&#8221;.vc_custom_1537784880917{margin-top: 0px !important;margin-bottom: 0px !important;padding-top: 0px !important;padding-bottom: 0px !important;}&#8221; el_class=&#8221;overflow-visible&#8221;][vc_column width=&#8221;1\/3&#8243; css=&#8221;.vc_custom_1537780815053{margin-top: 0px !important;margin-bottom: 0px !important;padding-top: 0px !important;padding-bottom: 0px !important;}&#8221;]\r<!-- fancy-text-box -->\r<div class=\"rt-fancy-text-box element-ten  wpb_animate_when_almost_visible wpb_fadeInLeft fadeInLeft rt34233801 \" ><div class=\"holder matchHeight \"><div class=\"pic\"><img loading=\"lazy\" decoding=\"async\" width=\"80\" height=\"80\" src=\"https:\/\/jrcengenharia.com\/wp-content\/uploads\/2018\/09\/5-2.png\" class=\"attachment-full size-full\" alt=\"5\" \/><\/div><div class=\"data\"><p class=\"content\">Gerenciamento e fiscaliza\u00e7\u00e3o de obras<\/p><\/div><\/div><\/div>\r<!-- fancy-text-box -->\r[\/vc_column][vc_column width=&#8221;1\/3&#8243; css=&#8221;.vc_custom_1537780829614{margin-top: 0px !important;margin-bottom: 0px !important;padding-top: 0px !important;padding-bottom: 0px !important;}&#8221;]\r<!-- fancy-text-box -->\r<div class=\"rt-fancy-text-box element-ten  wpb_animate_when_almost_visible wpb_fadeInUp fadeInUp rt1399337009 \" ><div class=\"holder matchHeight \"><div class=\"pic\"><img loading=\"lazy\" decoding=\"async\" width=\"80\" height=\"80\" src=\"https:\/\/jrcengenharia.com\/wp-content\/uploads\/2018\/09\/6-2.png\" class=\"attachment-full size-full\" alt=\"6\" \/><\/div><div class=\"data\"><p class=\"content\">Execu\u00e7\u00e3o de instala\u00e7\u00f5es el\u00e9tricas, de telefonia, l\u00f3gica, alarme e CFTV<\/p><\/div><\/div><\/div>\r<!-- fancy-text-box -->\r[\/vc_column][vc_column width=&#8221;1\/3&#8243; css=&#8221;.vc_custom_1537780837759{margin-top: 0px !important;margin-bottom: 0px !important;padding-top: 0px !important;padding-bottom: 0px !important;}&#8221;]\r<!-- fancy-text-box -->\r<div class=\"rt-fancy-text-box element-ten  wpb_animate_when_almost_visible wpb_fadeInRight fadeInRight rt1211204553 \" ><div class=\"holder matchHeight \"><div class=\"pic\"><img loading=\"lazy\" decoding=\"async\" width=\"80\" height=\"80\" src=\"https:\/\/jrcengenharia.com\/wp-content\/uploads\/2018\/09\/7-2.png\" class=\"attachment-full size-full\" alt=\"7\" \/><\/div><div class=\"data\"><p class=\"content\">Instala\u00e7\u00e3o de sistema de combate a inc\u00eandio e SPDA (Sistema de prote\u00e7\u00e3o contra descarga atmosf\u00e9rica)<\/p><\/div><\/div><\/div>\r<!-- fancy-text-box -->\r[\/vc_column][\/vc_row][\/vc_section]<\/p>\n","protected":false},"excerpt":{"rendered":"<p>[vc_section full_width=&#8221;stretch_row&#8221; css=&#8221;.vc_custom_1537273549296{margin-top: 0px !important;margin-bottom: 0px !important;padding-top: 60px !important;padding-bottom: 0px !important;}&#8221;][vc_row full_width=&#8221;stretch_row&#8221; css=&#8221;.vc_custom_1537273574685{margin-top: 0px !important;margin-bottom: 0px !important;padding-top: 0px !important;padding-bottom: 0px !important;}&#8221;][vc_column width=&#8221;1\/12&#8243; css=&#8221;.vc_custom_1537272609984{margin-top: 0px !important;margin-bottom: 0px !important;padding-top: 0px !important;padding-bottom: 0px !important;}&#8221;][\/vc_column][vc_column width=&#8221;5\/6&#8243; css=&#8221;.vc_custom_1537272628275{margin-top: 0px !important;margin-bottom: 0px !important;padding-top: 0px !important;padding-bottom: 0px !important;}&#8221;][vc_custom_heading text=&#8221;Oferecemos servi\u00e7os de constru\u00e7\u00e3o civil&#8221; font_container=&#8221;tag:h2|font_size:35px|text_align:center|color:%2319182a|line_height:43px&#8221; use_theme_fonts=&#8221;yes&#8221; css=&#8221;.vc_custom_1603287715476{margin-top: 0px !important;margin-bottom: 0px !important;padding-bottom: 20px !important;}&#8221; [&hellip;]<\/p>\n","protected":false},"author":1,"featured_media":0,"parent":0,"menu_order":0,"comment_status":"closed","ping_status":"closed","template":"","meta":{"footnotes":""},"class_list":["post-8179","page","type-page","status-publish","hentry"],"_links":{"self":[{"href":"https:\/\/jrcengenharia.com\/index.php\/wp-json\/wp\/v2\/pages\/8179","targetHints":{"allow":["GET"]}}],"collection":[{"href":"https:\/\/jrcengenharia.com\/index.php\/wp-json\/wp\/v2\/pages"}],"about":[{"href":"https:\/\/jrcengenharia.com\/index.php\/wp-json\/wp\/v2\/types\/page"}],"author":[{"embeddable":true,"href":"https:\/\/jrcengenharia.com\/index.php\/wp-json\/wp\/v2\/users\/1"}],"replies":[{"embeddable":true,"href":"https:\/\/jrcengenharia.com\/index.php\/wp-json\/wp\/v2\/comments?post=8179"}],"version-history":[{"count":6,"href":"https:\/\/jrcengenharia.com\/index.php\/wp-json\/wp\/v2\/pages\/8179\/revisions"}],"predecessor-version":[{"id":8651,"href":"https:\/\/jrcengenharia.com\/index.php\/wp-json\/wp\/v2\/pages\/8179\/revisions\/8651"}],"wp:attachment":[{"href":"https:\/\/jrcengenharia.com\/index.php\/wp-json\/wp\/v2\/media?parent=8179"}],"curies":[{"name":"wp","href":"https:\/\/api.w.org\/{rel}","templated":true}]}}